git of 740?
7
What is the tens digit of 87322?
2
What is the tens digit of 1261?
6
What is the hundreds digit of 180?
1
What is the units digit of 1200?
0
What is the tens digit of 183?
8
What is the units digit of 16211?
1
What is the units digit of 86584?
4
What is the hundreds digit of 407?
4
What is the thousands digit of 4435?
4
What is the tens digit of 12865?
6
What is the units digit of 27936?
6
What is the thousands digit of 25740?
5
What is the tens digit of 4567?
6
What is the hundreds digit of 1006?
0
What is the tens digit of 4475?
7
What is the ten thousands digit of 24525?
2
What is the hundreds digit of 15145?
1
What is the hundreds digit of 79588?
5
What is the units digit of 18619?
9
What is the units digit of 4482?
2
What is the tens digit of 92?
9
What is the tens digit of 3288?
8
What is the tens digit of 81415?
1
What is the units digit of 3807?
7
What is the hundreds digit of 8429?
4
What is the units digit of 40604?
4
What is the units digit of 834?
4
What is the thousands digit of 2165?
2
What is the hundreds digit of 789?
7
What is the hundreds digit of 1370?
3
What is the tens digit of 793?
9
What is the units digit of 642?
2
What is the units digit of 4977?
7
What is the thousands digit of 28665?
8
What is the hundreds digit of 1220?
2
What is the ten thousands digit of 56137?
5
What is the hundreds digit of 16486?
4
What is the tens digit of 29699?
9
What is the ten thousands digit of 10337?
1
What is the thousands digit of 96783?
6
What is the hundreds digit of 21637?
6
What is the units digit of 5145?
5
What is the ten thousands digit of 61971?
6
What is the hundreds digit of 2799?
7
What is the units digit of 2354?
4
What is the hundreds digit of 9498?
4
What is the hundreds digit of 9800?
8
What is the hundreds digit of 484?
4
What is the ten thousands digit of 51596?
5
What is the tens digit of 22228?
2
What is the units digit of 2682?
2
What is the units digit of 13029?
9
What is the units digit of 94?
4
What is the hundreds digit of 23547?
5
What is the hundreds digit of 2818?
8
What is the thousands digit of 46671?
6
What is the thousands digit of 7271?
7
What is the units digit of 985?
5
What is the thousands digit of 36190?
6
What is the thousands digit of 3573?
3
What is the thousands digit of 26657?
6
What is the units digit of 123845?
5
What is the ten thousands digit of 26892?
2
What is the thousands digit of 4542?
4
What is the units digit of 234?
4
What is the tens digit of 8945?
4
What is the thousands digit of 11346?
1
What is the units digit of 51?
1
What is the tens digit of 1422?
2
What is the thousands digit of 6462?
6
What is the thousands digit of 11309?
1
What is the units digit of 3?
3
What is the units digit of 7392?
2
What is the tens digit of 1277?
7
What is the thousands digit of 7444?
7
What is the tens digit of 35?
3
What is the hundreds digit of 25297?
2
What is the hundreds digit of 304?
3
What is the hundreds digit of 2868?
8
What is the hundreds digit of 5596?
5
What is the units digit of 2158?
8
What is the thousands digit of 4730?
4
What is the units digit of 2657?
7
What is the thousands digit of 30613?
0
What is the thousands digit of 22298?
2
What is the tens digit of 12248?
4
What is the hundreds digit of 21757?
7
What is the tens digit of 24790?
9
What is the hundreds digit of 12246?
2
What is the units digit of 328?
8
What is the tens digit of 4357?
5
What is the units digit of 5129?
9
What is the tens digit of 2006?
0
What is the thousands digit of 3964?
3
What is the hundreds digit of 1204?
2
What is the tens digit of 1736?
3
What is the units digit of 4112?
2
What is the thousands digit of 3217?
3
What is the hundreds digit of 774?
7
What is the thousands digit of 9020?
9
What is the tens digit of 141834?
3
What is the tens digit of 436?
3
What is the hundreds digit of 10598?
5
What is the tens digit of 15966?
6
What is the units digit of 11?
1
What is the tens digit of 7495?
9
What is the hundreds digit of 23325?
3
What is the units digit of 159915?
5
What is the ten thousands digit of 42448?
4
What is the units digit of 66643?
3
What is the tens digit of 13064?
6
What is the thousands digit of 52837?
2
What is the units digit of 58727?
7
What is the hundreds digit of 243?
2
What is the units digit of 1583?
3
What is the ten thousands digit of 54514?
5
What is the hundreds digit of 2121?
1
What is the tens digit of 98577?
7
What is the hundreds digit of 25102?
1
What is the tens digit of 2407?
0
What is the thousands digit of 3753?
3
What is the hundreds digit of 4028?
0
What is the units digit of 2090?
0
What is the thousands digit of 118543?
8
What is the tens digit of 289?
8
What is the thousands digit of 47687?
7
What is the tens digit of 233?
3
What is the thousands digit of 59691?
9
What is the units digit of 5791?
1
What is the units digit of 816?
6
What is the tens digit of 3174?
7
What is the ten thousands digit of 101079?
0
What is the ten thousands digit of 34548?
3
What is the hundreds digit of 668?
6
What is the hundreds digit of 3721?
7
What is the units digit of 374?
4
What is the hundreds digit of 998?
9
What is the units digit of 1897?
7
What is the units digit of 120?
0
What is the units digit of 16474?
4
What is the units digit of 116528?
8
What is the hundreds digit of 3308?
3
What is the units digit of 266?
6
What is the hundreds digit of 18547?
5
What is the units digit of 21195?
5
What is the hundreds digit of 1695?
6
What is the hundreds digit of 2245?
2
What is the units digit of 84791?
1
What is the thousands digit of 2295?
2
What is the thousands digit of 5197?
5
What is the hundreds digit of 7196?
1
What is the thousands digit of 72696?
2
What is the tens digit of 20?
2
What is the hundreds digit of 1316?
3
What is the units digit of 2976?
6
What is the tens digit of 6857?
5
What is the tens digit of 1213?
1
What is the units digit of 3380?
0
What is the hundreds digit of 890?
8
What is the thousands digit of 4071?
4
What is the tens digit of 59?
5
What is the units digit of 22326?
6
What is the units digit of 2285?
5
What is the thousands digit of 14278?
4
What is the ten thousands digit of 28615?
2
What is the thousands digit of 2466?
2
What is the tens digit of 27053?
5
What is the tens digit of 154?
5
What is the tens digit of 35894?
9
What is the hundreds digit of 37942?
9
What is the hundreds digit of 2765?
7
What is the units digit of 9419?
9
What is the tens digit of 1496?
9
What is the tens digit of 65?
6
What is the hundreds digit of 154737?
7
What is the thousands digit of 5743?
5
What is the thousands digit of 2343?
2
What is the tens digit of 1622?
2
What is the tens digit of 1049?
4
What is the thousands digit of 10074?
0
What is the hundreds digit of 58945?
9
What is the thousands digit of 12021?
2
What is the hundreds digit of 9107?
1
What is the tens digit of 18317?
1
What is the ten thousands digit of 10711?
1
What is the tens digit of 1615?
1
What is the tens digit of 45987?
8
What is the thousands digit of 3125?
3
What is the units digit of 17338?
8
What is the ten thousands digit of 17671?
1
What is the ten thousands digit of 28615?
2
What is the units digit of 520?
0
What is the tens digit of 82498?
9
What is the tens digit of 10062?
6
What is the thousands digit of 16377?
6
What is the hundreds digit of 7325?
3
What is the hundreds digit of 17359?
3
What is the hundreds digit of 4416?
4
What is the tens digit of 145?
4
What is the thousands digit of 1237?
1
What is the thousands digit of 105014?
5
What is the hundreds digit of 3919?
9
What is the thousands digit of 55970?
5
What is the tens digit of 33302?
0
What is the units digit of 74140?
0
What is the hundreds digit of 951?
9
What is the thousands digit of 8698?
8
What is the units digit of 1155?
5
What is the tens digit of 22223?
2
What is the units digit of 171?
1
What is the tens digit of 2807?
0
What is the thousands digit of 2165?
2
What is the hundred thousands digit of 121387?
1
What is the units digit of 24991?
1
What is the tens digit of 29333?
3
What is the tens digit of 21255?
5
What is the thousands digit of 1429?
1
What is the tens digit of 292?
9
What is the hundreds digit of 25386?
3
What is the thousands digit of 4929?
4
What is the hundreds d